{"id":979,"date":"2021-04-20T20:33:07","date_gmt":"2021-04-20T23:33:07","guid":{"rendered":"https:\/\/bandarockbeats.com.br\/loja\/?post_type=product&#038;p=979"},"modified":"2025-11-27T20:17:28","modified_gmt":"2025-11-27T23:17:28","slug":"camiseta-rock-beats-danielafirme","status":"publish","type":"product","link":"https:\/\/bandarockbeats.com.br\/loja\/produto\/camiseta-rock-beats-danielafirme\/","title":{"rendered":"CAMISETA DANIELA FIRME"},"content":{"rendered":"<p>Camiseta da nossa vocalista Daniela Firme<\/p>\n<p>Material: 100% algod\u00e3o da Menegotti &#8211;\u00a0Fio 30.1 penteado com refor\u00e7o de ombro a ombro<\/p>\n<p>Encomendas: prazo de 10 dias \u00fateis para fabrica\u00e7\u00e3o<\/p>\n<p>&nbsp;<\/p>\n<p><strong>Camisetas Tamanhos (C x L):<\/strong><\/p>\n<p>P: 69 x 49<\/p>\n<p>M: 73 x 52<\/p>\n<p>G: 77 x 57<\/p>\n<p>GG: 78 x 57<\/p>\n<p>EXG: 82 x 61<\/p>\n<p>N1: 85 x 64<\/p>\n<p>&nbsp;<\/p>\n<p><strong>Baby Look Tamanhos (C x L):<\/strong><\/p>\n<p>P: 57 x 39<\/p>\n<p>M: 59 x 42<\/p>\n<p>G: 61 x 43<\/p>\n<p>GG: 64 x 47<\/p>\n","protected":false},"excerpt":{"rendered":"<p><img fetchpriority=\"high\" decoding=\"async\" class=\"alignnone size-medium wp-image-11282\" src=\"http:\/\/bandarockbeats.com.br\/loja\/wp-content\/uploads\/2021\/04\/camiseta-dani1-400x400.jpg\" alt=\"\" width=\"400\" height=\"400\" srcset=\"https:\/\/bandarockbeats.com.br\/loja\/wp-content\/uploads\/2021\/04\/camiseta-dani1-400x400.jpg 400w, https:\/\/bandarockbeats.com.br\/loja\/wp-content\/uploads\/2021\/04\/camiseta-dani1-800x800.jpg 800w, https:\/\/bandarockbeats.com.br\/loja\/wp-content\/uploads\/2021\/04\/camiseta-dani1-280x280.jpg 280w, https:\/\/bandarockbeats.com.br\/loja\/wp-content\/uploads\/2021\/04\/camiseta-dani1-768x768.jpg 768w, https:\/\/bandarockbeats.com.br\/loja\/wp-content\/uploads\/2021\/04\/camiseta-dani1-1536x1536.jpg 1536w, https:\/\/bandarockbeats.com.br\/loja\/wp-content\/uploads\/2021\/04\/camiseta-dani1-60x60.jpg 60w, https:\/\/bandarockbeats.com.br\/loja\/wp-content\/uploads\/2021\/04\/camiseta-dani1-90x90.jpg 90w, https:\/\/bandarockbeats.com.br\/loja\/wp-content\/uploads\/2021\/04\/camiseta-dani1-300x300.jpg 300w, https:\/\/bandarockbeats.com.br\/loja\/wp-content\/uploads\/2021\/04\/camiseta-dani1-600x600.jpg 600w, https:\/\/bandarockbeats.com.br\/loja\/wp-content\/uploads\/2021\/04\/camiseta-dani1-100x100.jpg 100w, https:\/\/bandarockbeats.com.br\/loja\/wp-content\/uploads\/2021\/04\/camiseta-dani1.jpg 2008w\" sizes=\"(max-width: 400px) 100vw, 400px\" \/> <img decoding=\"async\" class=\"alignnone size-medium wp-image-11281\" src=\"http:\/\/bandarockbeats.com.br\/loja\/wp-content\/uploads\/2021\/04\/camiseta-dani-400x400.jpg\" alt=\"\" width=\"400\" height=\"400\" srcset=\"https:\/\/bandarockbeats.com.br\/loja\/wp-content\/uploads\/2021\/04\/camiseta-dani-400x400.jpg 400w, https:\/\/bandarockbeats.com.br\/loja\/wp-content\/uploads\/2021\/04\/camiseta-dani-800x800.jpg 800w, https:\/\/bandarockbeats.com.br\/loja\/wp-content\/uploads\/2021\/04\/camiseta-dani-280x280.jpg 280w, https:\/\/bandarockbeats.com.br\/loja\/wp-content\/uploads\/2021\/04\/camiseta-dani-768x768.jpg 768w, https:\/\/bandarockbeats.com.br\/loja\/wp-content\/uploads\/2021\/04\/camiseta-dani-1536x1536.jpg 1536w, https:\/\/bandarockbeats.com.br\/loja\/wp-content\/uploads\/2021\/04\/camiseta-dani-60x60.jpg 60w, https:\/\/bandarockbeats.com.br\/loja\/wp-content\/uploads\/2021\/04\/camiseta-dani-90x90.jpg 90w, https:\/\/bandarockbeats.com.br\/loja\/wp-content\/uploads\/2021\/04\/camiseta-dani-300x300.jpg 300w, https:\/\/bandarockbeats.com.br\/loja\/wp-content\/uploads\/2021\/04\/camiseta-dani-600x600.jpg 600w, https:\/\/bandarockbeats.com.br\/loja\/wp-content\/uploads\/2021\/04\/camiseta-dani-100x100.jpg 100w, https:\/\/bandarockbeats.com.br\/loja\/wp-content\/uploads\/2021\/04\/camiseta-dani.jpg 2008w\" sizes=\"(max-width: 400px) 100vw, 400px\" \/> <img decoding=\"async\" class=\"alignnone size-medium wp-image-11283\" src=\"http:\/\/bandarockbeats.com.br\/loja\/wp-content\/uploads\/2021\/04\/camiseta-daniela-firme-1-400x400.jpg\" alt=\"\" width=\"400\" height=\"400\" srcset=\"https:\/\/bandarockbeats.com.br\/loja\/wp-content\/uploads\/2021\/04\/camiseta-daniela-firme-1-400x400.jpg 400w, https:\/\/bandarockbeats.com.br\/loja\/wp-content\/uploads\/2021\/04\/camiseta-daniela-firme-1-800x800.jpg 800w, https:\/\/bandarockbeats.com.br\/loja\/wp-content\/uploads\/2021\/04\/camiseta-daniela-firme-1-280x280.jpg 280w, https:\/\/bandarockbeats.com.br\/loja\/wp-content\/uploads\/2021\/04\/camiseta-daniela-firme-1-768x768.jpg 768w, https:\/\/bandarockbeats.com.br\/loja\/wp-content\/uploads\/2021\/04\/camiseta-daniela-firme-1-1536x1536.jpg 1536w, https:\/\/bandarockbeats.com.br\/loja\/wp-content\/uploads\/2021\/04\/camiseta-daniela-firme-1-60x60.jpg 60w, https:\/\/bandarockbeats.com.br\/loja\/wp-content\/uploads\/2021\/04\/camiseta-daniela-firme-1-90x90.jpg 90w, https:\/\/bandarockbeats.com.br\/loja\/wp-content\/uploads\/2021\/04\/camiseta-daniela-firme-1-300x300.jpg 300w, https:\/\/bandarockbeats.com.br\/loja\/wp-content\/uploads\/2021\/04\/camiseta-daniela-firme-1-600x600.jpg 600w, https:\/\/bandarockbeats.com.br\/loja\/wp-content\/uploads\/2021\/04\/camiseta-daniela-firme-1-100x100.jpg 100w, https:\/\/bandarockbeats.com.br\/loja\/wp-content\/uploads\/2021\/04\/camiseta-daniela-firme-1.jpg 2008w\" sizes=\"(max-width: 400px) 100vw, 400px\" \/><\/p>\n","protected":false},"featured_media":11283,"comment_status":"open","ping_status":"closed","template":"","meta":{"_joinchat":[]},"product_brand":[],"product_cat":[81,15],"product_tag":[],"class_list":{"0":"post-979","1":"product","2":"type-product","3":"status-publish","4":"has-post-thumbnail","6":"product_cat-camiseta","7":"product_cat-outros","9":"first","10":"instock","11":"taxable","12":"shipping-taxable","13":"purchasable","14":"product-type-variable"},"yoast_head":"<!-- This site is optimized with the Yoast SEO plugin v27.3 - https:\/\/yoast.com\/product\/yoast-seo-wordpress\/ -->\n<title>CAMISETA DANIELA FIRME - Rock Beats Store<\/title>\n<meta name=\"robots\" content=\"index, follow, max-snippet:-1, max-image-preview:large, max-video-preview:-1\" \/>\n<link rel=\"canonical\" href=\"https:\/\/bandarockbeats.com.br\/loja\/produto\/camiseta-rock-beats-danielafirme\/\" \/>\n<meta property=\"og:locale\" content=\"pt_BR\" \/>\n<meta property=\"og:type\" content=\"article\" \/>\n<meta property=\"og:title\" content=\"CAMISETA DANIELA FIRME - Rock Beats Store\" \/>\n<meta property=\"og:url\" content=\"https:\/\/bandarockbeats.com.br\/loja\/produto\/camiseta-rock-beats-danielafirme\/\" \/>\n<meta property=\"og:site_name\" content=\"Rock Beats Store\" \/>\n<meta property=\"article:publisher\" content=\"http:\/\/www.facebook.com\/bandarockbeats\" \/>\n<meta property=\"article:modified_time\" content=\"2025-11-27T23:17:28+00:00\" \/>\n<meta property=\"og:image\" content=\"http:\/\/bandarockbeats.com.br\/loja\/wp-content\/uploads\/2021\/04\/camiseta-daniela-firme-1.jpg\" \/>\n\t<meta property=\"og:image:width\" content=\"2008\" \/>\n\t<meta property=\"og:image:height\" content=\"2008\" \/>\n\t<meta property=\"og:image:type\" content=\"image\/jpeg\" \/>\n<meta name=\"twitter:card\" content=\"summary_large_image\" \/>\n<meta name=\"twitter:label1\" content=\"Est. tempo de leitura\" \/>\n\t<meta name=\"twitter:data1\" content=\"1 minuto\" \/>\n<script type=\"application\/ld+json\" class=\"yoast-schema-graph\">{\"@context\":\"https:\\\/\\\/schema.org\",\"@graph\":[{\"@type\":\"WebPage\",\"@id\":\"https:\\\/\\\/bandarockbeats.com.br\\\/loja\\\/produto\\\/camiseta-rock-beats-danielafirme\\\/\",\"url\":\"https:\\\/\\\/bandarockbeats.com.br\\\/loja\\\/produto\\\/camiseta-rock-beats-danielafirme\\\/\",\"name\":\"CAMISETA DANIELA FIRME - Rock Beats Store\",\"isPartOf\":{\"@id\":\"https:\\\/\\\/bandarockbeats.com.br\\\/loja\\\/#website\"},\"primaryImageOfPage\":{\"@id\":\"https:\\\/\\\/bandarockbeats.com.br\\\/loja\\\/produto\\\/camiseta-rock-beats-danielafirme\\\/#primaryimage\"},\"image\":{\"@id\":\"https:\\\/\\\/bandarockbeats.com.br\\\/loja\\\/produto\\\/camiseta-rock-beats-danielafirme\\\/#primaryimage\"},\"thumbnailUrl\":\"https:\\\/\\\/bandarockbeats.com.br\\\/loja\\\/wp-content\\\/uploads\\\/2021\\\/04\\\/camiseta-daniela-firme-1.jpg\",\"datePublished\":\"2021-04-20T23:33:07+00:00\",\"dateModified\":\"2025-11-27T23:17:28+00:00\",\"breadcrumb\":{\"@id\":\"https:\\\/\\\/bandarockbeats.com.br\\\/loja\\\/produto\\\/camiseta-rock-beats-danielafirme\\\/#breadcrumb\"},\"inLanguage\":\"pt-BR\",\"potentialAction\":[{\"@type\":\"ReadAction\",\"target\":[\"https:\\\/\\\/bandarockbeats.com.br\\\/loja\\\/produto\\\/camiseta-rock-beats-danielafirme\\\/\"]}]},{\"@type\":\"ImageObject\",\"inLanguage\":\"pt-BR\",\"@id\":\"https:\\\/\\\/bandarockbeats.com.br\\\/loja\\\/produto\\\/camiseta-rock-beats-danielafirme\\\/#primaryimage\",\"url\":\"https:\\\/\\\/bandarockbeats.com.br\\\/loja\\\/wp-content\\\/uploads\\\/2021\\\/04\\\/camiseta-daniela-firme-1.jpg\",\"contentUrl\":\"https:\\\/\\\/bandarockbeats.com.br\\\/loja\\\/wp-content\\\/uploads\\\/2021\\\/04\\\/camiseta-daniela-firme-1.jpg\",\"width\":2008,\"height\":2008},{\"@type\":\"BreadcrumbList\",\"@id\":\"https:\\\/\\\/bandarockbeats.com.br\\\/loja\\\/produto\\\/camiseta-rock-beats-danielafirme\\\/#breadcrumb\",\"itemListElement\":[{\"@type\":\"ListItem\",\"position\":1,\"name\":\"In\u00edcio\",\"item\":\"https:\\\/\\\/bandarockbeats.com.br\\\/loja\\\/\"},{\"@type\":\"ListItem\",\"position\":2,\"name\":\"Loja\",\"item\":\"https:\\\/\\\/bandarockbeats.com.br\\\/loja\\\/loja\\\/\"},{\"@type\":\"ListItem\",\"position\":3,\"name\":\"CAMISETA DANIELA FIRME\"}]},{\"@type\":\"WebSite\",\"@id\":\"https:\\\/\\\/bandarockbeats.com.br\\\/loja\\\/#website\",\"url\":\"https:\\\/\\\/bandarockbeats.com.br\\\/loja\\\/\",\"name\":\"Rock Beats Store\",\"description\":\"Lojinha virtual da Banda Rock Beats\",\"publisher\":{\"@id\":\"https:\\\/\\\/bandarockbeats.com.br\\\/loja\\\/#organization\"},\"potentialAction\":[{\"@type\":\"SearchAction\",\"target\":{\"@type\":\"EntryPoint\",\"urlTemplate\":\"https:\\\/\\\/bandarockbeats.com.br\\\/loja\\\/?s={search_term_string}\"},\"query-input\":{\"@type\":\"PropertyValueSpecification\",\"valueRequired\":true,\"valueName\":\"search_term_string\"}}],\"inLanguage\":\"pt-BR\"},{\"@type\":\"Organization\",\"@id\":\"https:\\\/\\\/bandarockbeats.com.br\\\/loja\\\/#organization\",\"name\":\"Rock Beats Store\",\"url\":\"https:\\\/\\\/bandarockbeats.com.br\\\/loja\\\/\",\"logo\":{\"@type\":\"ImageObject\",\"inLanguage\":\"pt-BR\",\"@id\":\"https:\\\/\\\/bandarockbeats.com.br\\\/loja\\\/#\\\/schema\\\/logo\\\/image\\\/\",\"url\":\"https:\\\/\\\/i0.wp.com\\\/bandarockbeats.com.br\\\/loja\\\/wp-content\\\/uploads\\\/2020\\\/08\\\/cropped-Logo-RockBeats.png?fit=1200%2C1200&ssl=1\",\"contentUrl\":\"https:\\\/\\\/i0.wp.com\\\/bandarockbeats.com.br\\\/loja\\\/wp-content\\\/uploads\\\/2020\\\/08\\\/cropped-Logo-RockBeats.png?fit=1200%2C1200&ssl=1\",\"width\":1200,\"height\":1200,\"caption\":\"Rock Beats Store\"},\"image\":{\"@id\":\"https:\\\/\\\/bandarockbeats.com.br\\\/loja\\\/#\\\/schema\\\/logo\\\/image\\\/\"},\"sameAs\":[\"http:\\\/\\\/www.facebook.com\\\/bandarockbeats\",\"https:\\\/\\\/www.instagram.com\\\/bandarockbeats\"]}]}<\/script>\n<!-- \/ Yoast SEO plugin. -->","yoast_head_json":{"title":"CAMISETA DANIELA FIRME - Rock Beats Store","robots":{"index":"index","follow":"follow","max-snippet":"max-snippet:-1","max-image-preview":"max-image-preview:large","max-video-preview":"max-video-preview:-1"},"canonical":"https:\/\/bandarockbeats.com.br\/loja\/produto\/camiseta-rock-beats-danielafirme\/","og_locale":"pt_BR","og_type":"article","og_title":"CAMISETA DANIELA FIRME - Rock Beats Store","og_url":"https:\/\/bandarockbeats.com.br\/loja\/produto\/camiseta-rock-beats-danielafirme\/","og_site_name":"Rock Beats Store","article_publisher":"http:\/\/www.facebook.com\/bandarockbeats","article_modified_time":"2025-11-27T23:17:28+00:00","og_image":[{"width":2008,"height":2008,"url":"http:\/\/bandarockbeats.com.br\/loja\/wp-content\/uploads\/2021\/04\/camiseta-daniela-firme-1.jpg","type":"image\/jpeg"}],"twitter_card":"summary_large_image","twitter_misc":{"Est. tempo de leitura":"1 minuto"},"schema":{"@context":"https:\/\/schema.org","@graph":[{"@type":"WebPage","@id":"https:\/\/bandarockbeats.com.br\/loja\/produto\/camiseta-rock-beats-danielafirme\/","url":"https:\/\/bandarockbeats.com.br\/loja\/produto\/camiseta-rock-beats-danielafirme\/","name":"CAMISETA DANIELA FIRME - Rock Beats Store","isPartOf":{"@id":"https:\/\/bandarockbeats.com.br\/loja\/#website"},"primaryImageOfPage":{"@id":"https:\/\/bandarockbeats.com.br\/loja\/produto\/camiseta-rock-beats-danielafirme\/#primaryimage"},"image":{"@id":"https:\/\/bandarockbeats.com.br\/loja\/produto\/camiseta-rock-beats-danielafirme\/#primaryimage"},"thumbnailUrl":"https:\/\/bandarockbeats.com.br\/loja\/wp-content\/uploads\/2021\/04\/camiseta-daniela-firme-1.jpg","datePublished":"2021-04-20T23:33:07+00:00","dateModified":"2025-11-27T23:17:28+00:00","breadcrumb":{"@id":"https:\/\/bandarockbeats.com.br\/loja\/produto\/camiseta-rock-beats-danielafirme\/#breadcrumb"},"inLanguage":"pt-BR","potentialAction":[{"@type":"ReadAction","target":["https:\/\/bandarockbeats.com.br\/loja\/produto\/camiseta-rock-beats-danielafirme\/"]}]},{"@type":"ImageObject","inLanguage":"pt-BR","@id":"https:\/\/bandarockbeats.com.br\/loja\/produto\/camiseta-rock-beats-danielafirme\/#primaryimage","url":"https:\/\/bandarockbeats.com.br\/loja\/wp-content\/uploads\/2021\/04\/camiseta-daniela-firme-1.jpg","contentUrl":"https:\/\/bandarockbeats.com.br\/loja\/wp-content\/uploads\/2021\/04\/camiseta-daniela-firme-1.jpg","width":2008,"height":2008},{"@type":"BreadcrumbList","@id":"https:\/\/bandarockbeats.com.br\/loja\/produto\/camiseta-rock-beats-danielafirme\/#breadcrumb","itemListElement":[{"@type":"ListItem","position":1,"name":"In\u00edcio","item":"https:\/\/bandarockbeats.com.br\/loja\/"},{"@type":"ListItem","position":2,"name":"Loja","item":"https:\/\/bandarockbeats.com.br\/loja\/loja\/"},{"@type":"ListItem","position":3,"name":"CAMISETA DANIELA FIRME"}]},{"@type":"WebSite","@id":"https:\/\/bandarockbeats.com.br\/loja\/#website","url":"https:\/\/bandarockbeats.com.br\/loja\/","name":"Rock Beats Store","description":"Lojinha virtual da Banda Rock Beats","publisher":{"@id":"https:\/\/bandarockbeats.com.br\/loja\/#organization"},"potentialAction":[{"@type":"SearchAction","target":{"@type":"EntryPoint","urlTemplate":"https:\/\/bandarockbeats.com.br\/loja\/?s={search_term_string}"},"query-input":{"@type":"PropertyValueSpecification","valueRequired":true,"valueName":"search_term_string"}}],"inLanguage":"pt-BR"},{"@type":"Organization","@id":"https:\/\/bandarockbeats.com.br\/loja\/#organization","name":"Rock Beats Store","url":"https:\/\/bandarockbeats.com.br\/loja\/","logo":{"@type":"ImageObject","inLanguage":"pt-BR","@id":"https:\/\/bandarockbeats.com.br\/loja\/#\/schema\/logo\/image\/","url":"https:\/\/i0.wp.com\/bandarockbeats.com.br\/loja\/wp-content\/uploads\/2020\/08\/cropped-Logo-RockBeats.png?fit=1200%2C1200&ssl=1","contentUrl":"https:\/\/i0.wp.com\/bandarockbeats.com.br\/loja\/wp-content\/uploads\/2020\/08\/cropped-Logo-RockBeats.png?fit=1200%2C1200&ssl=1","width":1200,"height":1200,"caption":"Rock Beats Store"},"image":{"@id":"https:\/\/bandarockbeats.com.br\/loja\/#\/schema\/logo\/image\/"},"sameAs":["http:\/\/www.facebook.com\/bandarockbeats","https:\/\/www.instagram.com\/bandarockbeats"]}]}},"jetpack_sharing_enabled":true,"_links":{"self":[{"href":"https:\/\/bandarockbeats.com.br\/loja\/wp-json\/wp\/v2\/product\/979","targetHints":{"allow":["GET"]}}],"collection":[{"href":"https:\/\/bandarockbeats.com.br\/loja\/wp-json\/wp\/v2\/product"}],"about":[{"href":"https:\/\/bandarockbeats.com.br\/loja\/wp-json\/wp\/v2\/types\/product"}],"replies":[{"embeddable":true,"href":"https:\/\/bandarockbeats.com.br\/loja\/wp-json\/wp\/v2\/comments?post=979"}],"wp:featuredmedia":[{"embeddable":true,"href":"https:\/\/bandarockbeats.com.br\/loja\/wp-json\/wp\/v2\/media\/11283"}],"wp:attachment":[{"href":"https:\/\/bandarockbeats.com.br\/loja\/wp-json\/wp\/v2\/media?parent=979"}],"wp:term":[{"taxonomy":"product_brand","embeddable":true,"href":"https:\/\/bandarockbeats.com.br\/loja\/wp-json\/wp\/v2\/product_brand?post=979"},{"taxonomy":"product_cat","embeddable":true,"href":"https:\/\/bandarockbeats.com.br\/loja\/wp-json\/wp\/v2\/product_cat?post=979"},{"taxonomy":"product_tag","embeddable":true,"href":"https:\/\/bandarockbeats.com.br\/loja\/wp-json\/wp\/v2\/product_tag?post=979"}],"curies":[{"name":"wp","href":"https:\/\/api.w.org\/{rel}","templated":true}]}}